{"id":74,"date":"2025-07-25T16:29:59","date_gmt":"2025-07-25T16:29:59","guid":{"rendered":"https:\/\/mintcream-mandrill-832804.hostingersite.com\/?page_id=74"},"modified":"2025-09-26T13:50:09","modified_gmt":"2025-09-26T13:50:09","slug":"about","status":"publish","type":"page","link":"https:\/\/soleildart.com\/DroitdeRegard\/about\/","title":{"rendered":"About"},"content":{"rendered":"\t\t<div data-elementor-type=\"wp-page\" data-elementor-id=\"74\" class=\"elementor elementor-74\" data-elementor-post-type=\"page\">\n\t\t\t\t<div class=\"elementor-element elementor-element-1143ec1 e-con-full e-flex e-con e-parent\" data-id=\"1143ec1\" data-element_type=\"container\">\n\t\t\t\t<div class=\"elementor-element elementor-element-70a6644 elementor-widget__width-initial elementor-widget-mobile__width-inherit elementor-widget elementor-widget-heading\" data-id=\"70a6644\" data-element_type=\"widget\" data-widget_type=\"heading.default\">\n\t\t\t\t\t<h2 class=\"elementor-heading-title elementor-size-default\">Depuis 1988, la galerie Droit de Regard \u00e9crit son histoire au c\u0153ur de l\u2019art contemporain, comme une r\u00e9f\u00e9rence incontournable.<\/h2>\t\t\t\t<\/div>\n\t\t<div class=\"elementor-element elementor-element-aee48c9 e-con-full e-flex e-con e-child\" data-id=\"aee48c9\" data-element_type=\"container\">\n\t\t<div class=\"elementor-element elementor-element-5f61889 e-con-full e-flex e-con e-child\" data-id=\"5f61889\" data-element_type=\"container\">\n\t\t\t\t<div class=\"elementor-element elementor-element-fdeebc9 elementor-widget elementor-widget-image\" data-id=\"fdeebc9\" data-element_type=\"widget\" data-widget_type=\"image.default\">\n\t\t\t\t\t\t\t\t\t\t\t\t\t\t\t<img decoding=async data-opt-id=861188692  fetchpriority=\"high\"  title=\"OLYMPUS DIGITAL CAMERA\" alt=\"OLYMPUS DIGITAL CAMERA\" loading=\"lazy\" \/ class=\"lws-optimize-lazyload\" data-src=\"https:\/\/mlxksb6imcm7.i.optimole.com\/w:auto\/h:auto\/q:mauto\/ig:avif\/https:\/\/soleildart.com\/DroitdeRegard\/wp-content\/uploads\/elementor\/thumbs\/27-05-2007-88-rc34r2jv6sms11ud6c1mkfq8v4n4nxyt892o601mgw.jpg\">\t\t\t\t\t\t\t\t\t\t\t\t\t\t\t<\/div>\n\t\t\t\t<\/div>\n\t\t<div class=\"elementor-element elementor-element-b43c579 e-con-full e-flex e-con e-child\" data-id=\"b43c579\" data-element_type=\"container\">\n\t\t\t\t<div class=\"elementor-element elementor-element-38dd2ee elementor-widget elementor-widget-text-editor\" data-id=\"38dd2ee\" data-element_type=\"widget\" data-widget_type=\"text-editor.default\">\n\t\t\t\t\t\t\t\t\t<p><strong>Depuis 30 ans \u00e0 Arcachon, la galerie <em>Droit de Regard<\/em> incarne une histoire d\u2019art et de confiance. <\/strong><\/p><p><strong>Fid\u00e8le \u00e0 l\u2019esprit de l\u2019Atelier des Artistes, la galerie reste le rendez-vous incontournable des amateurs, qui y retrouvent chaque ann\u00e9e une s\u00e9lection exigeante et un accueil chaleureux. <\/strong><\/p><p><strong>Pour les visiteurs internationaux de passage, et tous les autres, elle offre une exp\u00e9rience unique, o\u00f9 l\u2019authenticit\u00e9 rencontre une <span class=\"followup-block cursor-pointer outline-none static -mx-0.5 inline px-0.5 group-hover\/message:[--hover-opacity:1]\" tabindex=\"0\" data-question=\"Quels artistes ou courants contemporains sont mis en avant pour refl\u00e9ter cette vision?\" aria-haspopup=\"dialog\" aria-expanded=\"false\" aria-controls=\"radix-\u00abrkk\u00bb\" data-state=\"closed\">vision artistique r\u00e9solument non \u00e9lististe<\/span>. Un lieu o\u00f9 chacun, habitu\u00e9 ou de passage, se sent chez soi.<\/strong><\/p>\t\t\t\t\t\t\t\t<\/div>\n\t\t\t\t<div class=\"elementor-element elementor-element-5ffde4a elementor-widget elementor-widget-image\" data-id=\"5ffde4a\" data-element_type=\"widget\" data-widget_type=\"image.default\">\n\t\t\t\t\t\t\t\t\t\t\t\t\t\t\t<img decoding=async data-opt-id=974485619  fetchpriority=\"high\" width=\"33\" height=\"23\"  class=\"attachment-full size-full wp-image-2647 lws-optimize-lazyload\" alt=\"\" \/ data-src=\"https:\/\/mlxksb6imcm7.i.optimole.com\/w:auto\/h:auto\/q:mauto\/ig:avif\/https:\/\/soleildart.com\/DroitdeRegard\/wp-content\/uploads\/2025\/09\/Logo-Carre-Art250.svg\">\t\t\t\t\t\t\t\t\t\t\t\t\t\t\t<\/div>\n\t\t\t\t<\/div>\n\t\t\t\t<\/div>\n\t\t<div class=\"elementor-element elementor-element-ae6d5f0 e-con-full e-flex e-con e-child\" data-id=\"ae6d5f0\" data-element_type=\"container\">\n\t\t<div class=\"elementor-element elementor-element-19c22d6 e-con-full e-flex e-con e-child\" data-id=\"19c22d6\" data-element_type=\"container\">\n\t\t\t\t<div class=\"elementor-element elementor-element-ac2a32d elementor-widget elementor-widget-text-editor\" data-id=\"ac2a32d\" data-element_type=\"widget\" data-widget_type=\"text-editor.default\">\n\t\t\t\t\t\t\t\t\t<p class=\"whitespace-break-spaces\" dir=\"auto\"><strong>Monique BERTRAND,\u00a0 et Christophe PE\u00d1ARANDA, m\u00e8re et fils, ont fond\u00e9 la galerie.<\/strong><\/p><p class=\"whitespace-break-spaces\" dir=\"auto\"><strong>Droit de Regard s\u2019attache \u00e0 proposer une s\u00e9lection \u00e9clectique et exigeante d\u2019artistes contemporains, reconnus internationalement ou \u00e9mergents, issus de courants vari\u00e9s. <\/strong><\/p><p class=\"whitespace-break-spaces\" dir=\"auto\"><strong>Parmi eux, on d\u00e9couvre lukas KANDL et son sur\u00e9alisme magique, Georges COROMINAS avec son tyle onirique au service d&rsquo;une maitrise technique rare, ARTERO et la force de la couleur, TRABYS qui vous fera aimer l&rsquo;abstraction au-del\u00e0 du raisonnable.<\/strong><\/p><p class=\"whitespace-break-spaces\" dir=\"auto\"><strong>Enfin, Droit de Regard repr\u00e9sente des sculpteurs contemporains majeurs, tels que JENKELL, ENAKIEFF, &#8230;<\/strong><\/p><p class=\"whitespace-break-spaces\" dir=\"auto\">\u00a0<\/p>\t\t\t\t\t\t\t\t<\/div>\n\t\t\t\t<div class=\"elementor-element elementor-element-b8bc341 elementor-widget elementor-widget-image\" data-id=\"b8bc341\" data-element_type=\"widget\" data-widget_type=\"image.default\">\n\t\t\t\t\t\t\t\t\t\t\t\t\t\t\t<img decoding=async data-opt-id=974485619  fetchpriority=\"high\" width=\"33\" height=\"23\"  class=\"attachment-full size-full wp-image-2647 lws-optimize-lazyload\" alt=\"\" \/ data-src=\"https:\/\/mlxksb6imcm7.i.optimole.com\/w:auto\/h:auto\/q:mauto\/ig:avif\/https:\/\/soleildart.com\/DroitdeRegard\/wp-content\/uploads\/2025\/09\/Logo-Carre-Art250.svg\">\t\t\t\t\t\t\t\t\t\t\t\t\t\t\t<\/div>\n\t\t\t\t<\/div>\n\t\t<div class=\"elementor-element elementor-element-7124a8f e-con-full e-flex e-con e-child\" data-id=\"7124a8f\" data-element_type=\"container\">\n\t\t\t\t<div class=\"elementor-element elementor-element-dfcc280 elementor-widget elementor-widget-image\" data-id=\"dfcc280\" data-element_type=\"widget\" data-widget_type=\"image.default\">\n\t\t\t\t\t\t\t\t\t\t\t\t\t\t\t<img decoding=async data-opt-id=716201977  data-opt-src=\"https:\/\/mlxksb6imcm7.i.optimole.com\/w:auto\/h:auto\/q:mauto\/ig:avif\/https:\/\/soleildart.com\/DroitdeRegard\/wp-content\/uploads\/elementor\/thumbs\/20220522_132116-scaled-rc34r2jv6sm7kgi2u9d61bw8ha6xe1zmmrku51io74.jpg\"   title=\"20220522_132116\" alt=\"20220522_132116\" loading=\"lazy\" \/ class=\"lws-optimize-lazyload\" data-src=\"https:\/\/mlxksb6imcm7.i.optimole.com\/w:auto\/h:auto\/q:mauto\/ig:avif\/https:\/\/soleildart.com\/DroitdeRegard\/wp-content\/uploads\/elementor\/thumbs\/20220522_132116-scaled-rc34r2jv6sm7kgi2u9d61bw8ha6xe1zmmrku51io74.jpg\">\t\t\t\t\t\t\t\t\t\t\t\t\t\t\t<\/div>\n\t\t\t\t<\/div>\n\t\t\t\t<\/div>\n\t\t\t\t<\/div>\n\t\t\t\t<\/div>\n\t\t","protected":false},"excerpt":{"rendered":"<p>Depuis 1988, la galerie Droit de Regard \u00e9crit son histoire au c\u0153ur de l\u2019art contemporain, comme une r\u00e9f\u00e9rence incontournable. Depuis 30 ans \u00e0 Arcachon, la galerie Droit de Regard incarne une histoire d\u2019art et de confiance. Fid\u00e8le \u00e0 l\u2019esprit de l\u2019Atelier des Artistes, la galerie reste le rendez-vous incontournable des amateurs, qui y retrouvent chaque [&hellip;]<\/p>\n","protected":false},"author":1,"featured_media":0,"parent":0,"menu_order":0,"comment_status":"closed","ping_status":"closed","template":"elementor_header_footer","meta":{"_acf_changed":false,"footnotes":""},"my-style":[],"class_list":["post-74","page","type-page","status-publish","hentry"],"acf":[],"_links":{"self":[{"href":"https:\/\/soleildart.com\/DroitdeRegard\/wp-json\/wp\/v2\/pages\/74","targetHints":{"allow":["GET"]}}],"collection":[{"href":"https:\/\/soleildart.com\/DroitdeRegard\/wp-json\/wp\/v2\/pages"}],"about":[{"href":"https:\/\/soleildart.com\/DroitdeRegard\/wp-json\/wp\/v2\/types\/page"}],"author":[{"embeddable":true,"href":"https:\/\/soleildart.com\/DroitdeRegard\/wp-json\/wp\/v2\/users\/1"}],"replies":[{"embeddable":true,"href":"https:\/\/soleildart.com\/DroitdeRegard\/wp-json\/wp\/v2\/comments?post=74"}],"version-history":[{"count":3,"href":"https:\/\/soleildart.com\/DroitdeRegard\/wp-json\/wp\/v2\/pages\/74\/revisions"}],"predecessor-version":[{"id":4815,"href":"https:\/\/soleildart.com\/DroitdeRegard\/wp-json\/wp\/v2\/pages\/74\/revisions\/4815"}],"wp:attachment":[{"href":"https:\/\/soleildart.com\/DroitdeRegard\/wp-json\/wp\/v2\/media?parent=74"}],"wp:term":[{"taxonomy":"my-style","embeddable":true,"href":"https:\/\/soleildart.com\/DroitdeRegard\/wp-json\/wp\/v2\/my-style?post=74"}],"curies":[{"name":"wp","href":"https:\/\/api.w.org\/{rel}","templated":true}]}}